{"id":6788,"date":"2025-06-27T10:42:14","date_gmt":"2025-06-27T03:42:14","guid":{"rendered":"https:\/\/ancuhome.net\/?post_type=product&#038;p=6788"},"modified":"2025-06-27T11:40:40","modified_gmt":"2025-06-27T04:40:40","slug":"chum-ke-bo-mieng","status":"publish","type":"product","link":"https:\/\/ancuhome.net\/index.php\/product\/chum-ke-bo-mieng\/","title":{"rendered":"Chum K\u1ebb Bo Mi\u1ec7ng"},"content":{"rendered":"<p><strong>Chum K\u1ebb Bo Mi\u1ec7ng<\/strong><\/p>\n<p>K\u00edch th\u01b0\u1edbc: D19 x H27(cm)<\/p>\n<p>Ch\u1ea5t li\u1ec7u: \u0110\u1ea5t nung<\/p>\n<p>Xu\u1ea5t x\u1ee9: V\u0129nh Long<\/p>\n<p>S\u1ea3n ph\u1ea9m \u0111\u01b0\u1ee3c l\u00e0m t\u1eeb \u0111\u1ea5t s\u00e9t nung, sau \u0111\u00f3 \u0111\u01b0\u1ee3c x\u1eed l\u00fd b\u1ec1 m\u1eb7t \u0111\u1ec3 t\u1ea1o hi\u1ec7u \u1ee9ng c\u1ed5 k\u00ednh, r\u00eau phong, ho\u1eb7c c\u00e1c v\u1ec7t loang m\u00e0u, gi\u00fap mang l\u1ea1i v\u1ebb \u0111\u1eb9p m\u1ed9c m\u1ea1c v\u00e0 ngh\u1ec7 thu\u1eadt cho kh\u00f4ng gian.<\/p>\n<p>\u01afu \u0111i\u1ec3m:<\/p>\n<p>Tho\u00e1t n\u01b0\u1edbc t\u1ed1t, gi\u00fap r\u1ec5 c\u00e2y kho\u1ebb, \u00edt \u00fang.<br \/>\nTh\u1ea9m m\u1ef9 cao, mang v\u1ebb \u0111\u1eb9p ho\u00e0i c\u1ed5, g\u1ea7n g\u0169i v\u1edbi thi\u00ean nhi\u00ean.<\/p>\n<p>\u1ee8ng d\u1ee5ng: Tr\u1ed3ng bonsai, c\u00e2y c\u1ea3nh, c\u00e2y phong thu\u1ef7, trang tr\u00ed s\u00e2n v\u01b0\u1eddn, ban c\u00f4ng.<\/p>\n","protected":false},"excerpt":{"rendered":"<p>Chum K\u1ebb Bo Mi\u1ec7ng K\u00edch th\u01b0\u1edbc: D19 x H27(cm) Ch\u1ea5t li\u1ec7u: \u0110\u1ea5t nung Xu\u1ea5t x\u1ee9: V\u0129nh Long S\u1ea3n ph\u1ea9m \u0111\u01b0\u1ee3c l\u00e0m t\u1eeb \u0111\u1ea5t s\u00e9t nung, sau \u0111\u00f3 \u0111\u01b0\u1ee3c x\u1eed l\u00fd b\u1ec1 m\u1eb7t \u0111\u1ec3 t\u1ea1o hi\u1ec7u \u1ee9ng c\u1ed5 k\u00ednh, r\u00eau phong, ho\u1eb7c c\u00e1c v\u1ec7t loang m\u00e0u, gi\u00fap mang l\u1ea1i v\u1ebb \u0111\u1eb9p m\u1ed9c m\u1ea1c v\u00e0 ngh\u1ec7 thu\u1eadt [&hellip;]<\/p>\n","protected":false},"featured_media":6780,"comment_status":"open","ping_status":"closed","template":"","meta":{"content-type":""},"product_brand":[],"product_cat":[38],"product_tag":[81],"class_list":{"0":"post-6788","1":"product","2":"type-product","3":"status-publish","4":"has-post-thumbnail","6":"product_cat-chau-cay","7":"product_tag-chau-cay","9":"first","10":"instock","11":"shipping-taxable","12":"purchasable","13":"product-type-simple"},"jetpack_sharing_enabled":true,"_links":{"self":[{"href":"https:\/\/ancuhome.net\/index.php\/wp-json\/wp\/v2\/product\/6788","targetHints":{"allow":["GET"]}}],"collection":[{"href":"https:\/\/ancuhome.net\/index.php\/wp-json\/wp\/v2\/product"}],"about":[{"href":"https:\/\/ancuhome.net\/index.php\/wp-json\/wp\/v2\/types\/product"}],"replies":[{"embeddable":true,"href":"https:\/\/ancuhome.net\/index.php\/wp-json\/wp\/v2\/comments?post=6788"}],"wp:featuredmedia":[{"embeddable":true,"href":"https:\/\/ancuhome.net\/index.php\/wp-json\/wp\/v2\/media\/6780"}],"wp:attachment":[{"href":"https:\/\/ancuhome.net\/index.php\/wp-json\/wp\/v2\/media?parent=6788"}],"wp:term":[{"taxonomy":"product_brand","embeddable":true,"href":"https:\/\/ancuhome.net\/index.php\/wp-json\/wp\/v2\/product_brand?post=6788"},{"taxonomy":"product_cat","embeddable":true,"href":"https:\/\/ancuhome.net\/index.php\/wp-json\/wp\/v2\/product_cat?post=6788"},{"taxonomy":"product_tag","embeddable":true,"href":"https:\/\/ancuhome.net\/index.php\/wp-json\/wp\/v2\/product_tag?post=6788"}],"curies":[{"name":"wp","href":"https:\/\/api.w.org\/{rel}","templated":true}]}}