{"id":6591,"date":"2025-06-13T14:44:35","date_gmt":"2025-06-13T07:44:35","guid":{"rendered":"https:\/\/ancuhome.net\/?post_type=product&#038;p=6591"},"modified":"2025-06-22T13:01:26","modified_gmt":"2025-06-22T06:01:26","slug":"bench-go-keo","status":"publish","type":"product","link":"https:\/\/ancuhome.net\/index.php\/product\/bench-go-keo\/","title":{"rendered":"Gh\u1ebf B\u0103ng Hai T\u1ea7ng &#8211; Acacia Bench"},"content":{"rendered":"<p><strong>Gh\u1ebf B\u0103ng &#8211; Acacia Bench<\/strong><\/p>\n<p>K\u00edch th\u01b0\u1edbc: D110 x R25 x C43 cm<\/p>\n<p>Ch\u1ea5t li\u1ec7u: G\u1ed7 keo t\u1ef1 nhi\u00ean<\/p>\n<p>Ho\u00e0n thi\u1ec7n lau d\u1ea7u &#8211; 0%VOC &#8211; An to\u00e0n cho ng\u01b0\u1eddi s\u1eed d\u1ee5ng.<\/p>\n<p>L\u00e0 m\u1ed9t s\u1ea3n ph\u1ea9m \u0111a d\u1ee5ng, Gh\u1ebf B\u0103ng Hai T\u1ea7ng v\u1eeba c\u00f3 c\u00f4ng n\u0103ng c\u1ee7a m\u1ed9t chi\u1ebfc gh\u1ebf &#8211; c\u00f3 th\u1ec3 ch\u1ee9a t\u1eeb 2-3 ng\u01b0\u1eddi; v\u1eeba c\u00f3 th\u1ec3 s\u1eed d\u1ee5ng nh\u01b0 m\u1ed9t chi\u1ebfc k\u1ec7 ch\u1ee9a \u0111\u1ed3, trang tr\u00ed cho kh\u00f4ng gian nh\u00e0 b\u1ea1n.<\/p>\n","protected":false},"excerpt":{"rendered":"<p>Gh\u1ebf B\u0103ng &#8211; Acacia Bench K\u00edch th\u01b0\u1edbc: D110 x R25 x C43 cm Ch\u1ea5t li\u1ec7u: G\u1ed7 keo t\u1ef1 nhi\u00ean Ho\u00e0n thi\u1ec7n lau d\u1ea7u &#8211; 0%VOC &#8211; An to\u00e0n cho ng\u01b0\u1eddi s\u1eed d\u1ee5ng. L\u00e0 m\u1ed9t s\u1ea3n ph\u1ea9m \u0111a d\u1ee5ng, Gh\u1ebf B\u0103ng Hai T\u1ea7ng v\u1eeba c\u00f3 c\u00f4ng n\u0103ng c\u1ee7a m\u1ed9t chi\u1ebfc gh\u1ebf &#8211; c\u00f3 th\u1ec3 ch\u1ee9a t\u1eeb [&hellip;]<\/p>\n","protected":false},"featured_media":6603,"comment_status":"open","ping_status":"closed","template":"","meta":{"content-type":""},"product_brand":[],"product_cat":[40],"product_tag":[54],"class_list":{"0":"post-6591","1":"product","2":"type-product","3":"status-publish","4":"has-post-thumbnail","6":"product_cat-noi-that","7":"product_tag-wood","9":"first","10":"instock","11":"shipping-taxable","12":"purchasable","13":"product-type-simple"},"jetpack_sharing_enabled":true,"_links":{"self":[{"href":"https:\/\/ancuhome.net\/index.php\/wp-json\/wp\/v2\/product\/6591","targetHints":{"allow":["GET"]}}],"collection":[{"href":"https:\/\/ancuhome.net\/index.php\/wp-json\/wp\/v2\/product"}],"about":[{"href":"https:\/\/ancuhome.net\/index.php\/wp-json\/wp\/v2\/types\/product"}],"replies":[{"embeddable":true,"href":"https:\/\/ancuhome.net\/index.php\/wp-json\/wp\/v2\/comments?post=6591"}],"wp:featuredmedia":[{"embeddable":true,"href":"https:\/\/ancuhome.net\/index.php\/wp-json\/wp\/v2\/media\/6603"}],"wp:attachment":[{"href":"https:\/\/ancuhome.net\/index.php\/wp-json\/wp\/v2\/media?parent=6591"}],"wp:term":[{"taxonomy":"product_brand","embeddable":true,"href":"https:\/\/ancuhome.net\/index.php\/wp-json\/wp\/v2\/product_brand?post=6591"},{"taxonomy":"product_cat","embeddable":true,"href":"https:\/\/ancuhome.net\/index.php\/wp-json\/wp\/v2\/product_cat?post=6591"},{"taxonomy":"product_tag","embeddable":true,"href":"https:\/\/ancuhome.net\/index.php\/wp-json\/wp\/v2\/product_tag?post=6591"}],"curies":[{"name":"wp","href":"https:\/\/api.w.org\/{rel}","templated":true}]}}