{"id":6483,"date":"2025-06-11T13:20:13","date_gmt":"2025-06-11T06:20:13","guid":{"rendered":"https:\/\/ancuhome.net\/?post_type=product&#038;p=6483"},"modified":"2025-06-16T12:59:04","modified_gmt":"2025-06-16T05:59:04","slug":"binh-jarron-dune","status":"publish","type":"product","link":"https:\/\/ancuhome.net\/index.php\/product\/binh-jarron-dune\/","title":{"rendered":"B\u00ecnh Thu\u1ef7 Tinh T\u00e1i Ch\u1ebf &#8211; Jarrron Dune 18cm"},"content":{"rendered":"<p><strong>B\u00ecnh Thu\u1ef7 Tinh T\u00e1i Ch\u1ebf &#8211; Recycled Glass Vase &#8211; Jarrron Dune<\/strong><\/p>\n<p>Th\u01b0\u01a1ng hi\u1ec7u: Vidrios San Miguel<\/p>\n<p>K\u00edch th\u01b0\u1edbc: M4 x H18cm<\/p>\n<p>Ch\u1ea5t li\u1ec7u: 100% thu\u1ef7 tinh t\u00e1i ch\u1ebf &#8211; \u0111\u01b0\u1ee3c s\u1ea3n xu\u1ea5t v\u1edbi c\u00f4ng ngh\u1ec7 hi\u1ec7n \u0111\u1ea1i, lo\u1ea1i b\u1ecf ho\u00e0n to\u00e0n t\u1ea1p ch\u1ea5t, an to\u00e0n v\u1edbi ng\u01b0\u1eddi s\u1eed d\u1ee5ng.<\/p>\n<p>&#8220;Rycycling helps us work together to create a sustainable future.&#8221;<\/p>\n<p>T\u00e1i ch\u1ebf l\u00e0 qu\u00e1 tr\u00ecnh thu th\u1eadp, x\u1eed l\u00fd v\u00e0 chuy\u1ec3n \u0111\u1ed5i c\u00e1c s\u1ea3n ph\u1ea9m, v\u1eadt li\u1ec7u \u0111\u1ec3 ch\u00fang \u0111\u01b0\u1ee3c xoay v\u00f2ng th\u00eam m\u1ed9t &#8220;cu\u1ed9c \u0111\u1eddi m\u1edbi&#8221; h\u00e2n hoan.<\/p>\n<p>\u0110\u1eb7c tr\u01b0ng c\u1ee7a s\u1ea3n ph\u1ea9m t\u00e1i ch\u1ebf l\u00e0 t\u00ednh \u0111\u1ed9c l\u1ea1. V\u1edbi tinh th\u1ea7n t\u00f4n vinh s\u1ef1 s\u00e1ng t\u1ea1o v\u00e0 t\u00ednh b\u1ec1n v\u1eefng trong t\u1eebng s\u1ea3n ph\u1ea9m, An C\u01b0 tin r\u1eb1ng nh\u1eefng b\u00ecnh hoa thu\u1ef7 tinh t\u00e1i ch\u1ebf v\u1edbi t\u1ea1o h\u00ecnh \u0111\u1ed9c \u0111\u00e1o n\u00e0y s\u1ebd khi\u1ebfn cho kh\u00f4ng gian s\u1ed1ng c\u1ee7a b\u1ea1n th\u00eam ph\u1ea7n \u00fd ngh\u0129a.<\/p>\n","protected":false},"excerpt":{"rendered":"<p>B\u00ecnh Thu\u1ef7 Tinh T\u00e1i Ch\u1ebf &#8211; Recycled Glass Vase &#8211; Jarrron Dune Th\u01b0\u01a1ng hi\u1ec7u: Vidrios San Miguel K\u00edch th\u01b0\u1edbc: M4 x H18cm Ch\u1ea5t li\u1ec7u: 100% thu\u1ef7 tinh t\u00e1i ch\u1ebf &#8211; \u0111\u01b0\u1ee3c s\u1ea3n xu\u1ea5t v\u1edbi c\u00f4ng ngh\u1ec7 hi\u1ec7n \u0111\u1ea1i, lo\u1ea1i b\u1ecf ho\u00e0n to\u00e0n t\u1ea1p ch\u1ea5t, an to\u00e0n v\u1edbi ng\u01b0\u1eddi s\u1eed d\u1ee5ng. &#8220;Rycycling helps us work together [&hellip;]<\/p>\n","protected":false},"featured_media":6473,"comment_status":"open","ping_status":"closed","template":"","meta":{"content-type":""},"product_brand":[],"product_cat":[15],"product_tag":[59],"class_list":{"0":"post-6483","1":"product","2":"type-product","3":"status-publish","4":"has-post-thumbnail","6":"product_cat-kitchen","7":"product_tag-thuy-tinh","9":"first","10":"instock","11":"shipping-taxable","12":"purchasable","13":"product-type-simple"},"jetpack_sharing_enabled":true,"_links":{"self":[{"href":"https:\/\/ancuhome.net\/index.php\/wp-json\/wp\/v2\/product\/6483","targetHints":{"allow":["GET"]}}],"collection":[{"href":"https:\/\/ancuhome.net\/index.php\/wp-json\/wp\/v2\/product"}],"about":[{"href":"https:\/\/ancuhome.net\/index.php\/wp-json\/wp\/v2\/types\/product"}],"replies":[{"embeddable":true,"href":"https:\/\/ancuhome.net\/index.php\/wp-json\/wp\/v2\/comments?post=6483"}],"wp:featuredmedia":[{"embeddable":true,"href":"https:\/\/ancuhome.net\/index.php\/wp-json\/wp\/v2\/media\/6473"}],"wp:attachment":[{"href":"https:\/\/ancuhome.net\/index.php\/wp-json\/wp\/v2\/media?parent=6483"}],"wp:term":[{"taxonomy":"product_brand","embeddable":true,"href":"https:\/\/ancuhome.net\/index.php\/wp-json\/wp\/v2\/product_brand?post=6483"},{"taxonomy":"product_cat","embeddable":true,"href":"https:\/\/ancuhome.net\/index.php\/wp-json\/wp\/v2\/product_cat?post=6483"},{"taxonomy":"product_tag","embeddable":true,"href":"https:\/\/ancuhome.net\/index.php\/wp-json\/wp\/v2\/product_tag?post=6483"}],"curies":[{"name":"wp","href":"https:\/\/api.w.org\/{rel}","templated":true}]}}