{"id":6007,"date":"2025-06-07T14:50:26","date_gmt":"2025-06-07T07:50:26","guid":{"rendered":"https:\/\/ancuhome.net\/?post_type=product&#038;p=6007"},"modified":"2025-06-16T13:56:26","modified_gmt":"2025-06-16T06:56:26","slug":"tho-pipa","status":"publish","type":"product","link":"https:\/\/ancuhome.net\/index.php\/product\/tho-pipa\/","title":{"rendered":"Th\u1ed1 Pipa"},"content":{"rendered":"<p><strong>Th\u1ed1 Pipa<\/strong><\/p>\n<p>Th\u01b0\u01a1ng hi\u1ec7u: Tu H\u00fa Ceramics<\/p>\n<p>Dung t\u00edch: 180ml<\/p>\n<p>S\u1ea3n ph\u1ea9m c\u1ee7a Tu H\u00fa Ceramics \u0111\u01b0\u1ee3c l\u00e0m th\u1ee7 c\u00f4ng ch\u1ea5t l\u01b0\u1ee3ng cao, c\u00e1c ho\u1ea1 ti\u1ebft tr\u00ean s\u1ea3n ph\u1ea9m \u0111\u01b0\u1ee3c v\u1ebd tay 100%.<\/p>\n<p>Ch\u1ea5t li\u1ec7u g\u1ed1m s\u1ee9 b\u1ec1n \u0111\u1eb9p \u0111\u01b0\u1ee3c nung \u1edf nhi\u1ec7t \u0111\u1ed9 cao kh\u00f4ng ch\u1ee9a c\u00e1c ch\u1ea5t \u0111\u1ed9c h\u1ea1i nh\u01b0 ch\u00ec, cadium \u0111\u1ea3m b\u1ea3o an to\u00e0n cho s\u1ee9c kho\u1ebb ng\u01b0\u1eddi d\u00f9ng.<\/p>\n<p>L\u1edbp men m\u1ecbn, \u0111\u1eb9p gi\u00fap b\u1ea1n c\u00f3 th\u1ec3 d\u1ec5 d\u00e0ng v\u1ec7 sinh s\u1ea1ch s\u1ebd sau khi s\u1eed d\u1ee5ng.<\/p>\n<p>&nbsp;<\/p>\n<p>H\u01af\u1edaNG D\u1eaaN B\u1ea2O QU\u1ea2N &amp; S\u1eec D\u1ee4NG<\/p>\n<ul>\n<li>S\u1ea3n ph\u1ea9m s\u1eed d\u1ee5ng \u0111\u01b0\u1ee3c cho m\u00e1y r\u1eeda ch\u00e9n.<\/li>\n<li>\u00a0R\u1eeda s\u1ea1ch v\u00e0 lau kh\u00f4 ngay sau khi s\u1eed d\u1ee5ng.Ch\u1ec9 d\u00f9ng x\u00e0 ph\u00f2ng c\u00f3 ch\u1ea5t t\u1ea9y nh\u1eb9, gi\u1ebb th\u1ea5m c\u00f3 \u0111\u1ed9 m\u1ecbn \u0111\u1ec3 lau kh\u00f4.Kh\u00f4ng ch\u00e0 r\u1eeda \u0111\u1ed3 s\u1ee9 v\u1edbi c\u00e1t, d\u1ee5ng c\u1ee5 c\u1ecd r\u1eeda b\u1eb1ng kim lo\u1ea1i ho\u1eb7c nh\u1ef1a c\u1ee9ng \u0111\u1ec3 tr\u00e1nh l\u00e0m tr\u1ea7y x\u01b0\u1edbc l\u1edbp men.Kh\u00f4ng d\u00f9ng chanh, gi\u1ea5m, n\u01b0\u1edbc Javel hay c\u00e1c lo\u1ea1i axit \u0111\u1ec3 ch\u00f9i r\u1eeda \u0111\u1ed3 s\u1ee9 \u0111\u1ec3 tr\u00e1nh l\u00e0m m\u1edd m\u00e0u s\u1eafc, ho\u1ea1 ti\u1ebft.<\/li>\n<li>KH\u00d4NG s\u1eed d\u1ee5ng s\u1ea3n ph\u1ea9m trong l\u00f2 vi s\u00f3ng, l\u00f2 n\u01b0\u1edbng.<\/li>\n<\/ul>\n<p>&nbsp;<\/p>\n","protected":false},"excerpt":{"rendered":"<p>Th\u1ed1 Pipa Th\u01b0\u01a1ng hi\u1ec7u: Tu H\u00fa Ceramics Dung t\u00edch: 180ml S\u1ea3n ph\u1ea9m c\u1ee7a Tu H\u00fa Ceramics \u0111\u01b0\u1ee3c l\u00e0m th\u1ee7 c\u00f4ng ch\u1ea5t l\u01b0\u1ee3ng cao, c\u00e1c ho\u1ea1 ti\u1ebft tr\u00ean s\u1ea3n ph\u1ea9m \u0111\u01b0\u1ee3c v\u1ebd tay 100%. Ch\u1ea5t li\u1ec7u g\u1ed1m s\u1ee9 b\u1ec1n \u0111\u1eb9p \u0111\u01b0\u1ee3c nung \u1edf nhi\u1ec7t \u0111\u1ed9 cao kh\u00f4ng ch\u1ee9a c\u00e1c ch\u1ea5t \u0111\u1ed9c h\u1ea1i nh\u01b0 ch\u00ec, cadium \u0111\u1ea3m [&hellip;]<\/p>\n","protected":false},"featured_media":6010,"comment_status":"open","ping_status":"closed","template":"","meta":{"content-type":""},"product_brand":[61],"product_cat":[30],"product_tag":[52,56],"class_list":{"0":"post-6007","1":"product","2":"type-product","3":"status-publish","4":"has-post-thumbnail","6":"product_brand-tuhu","7":"product_cat-ceramic","8":"product_tag-coc","9":"product_tag-tuhu","11":"first","12":"instock","13":"shipping-taxable","14":"purchasable","15":"product-type-simple"},"jetpack_sharing_enabled":true,"_links":{"self":[{"href":"https:\/\/ancuhome.net\/index.php\/wp-json\/wp\/v2\/product\/6007","targetHints":{"allow":["GET"]}}],"collection":[{"href":"https:\/\/ancuhome.net\/index.php\/wp-json\/wp\/v2\/product"}],"about":[{"href":"https:\/\/ancuhome.net\/index.php\/wp-json\/wp\/v2\/types\/product"}],"replies":[{"embeddable":true,"href":"https:\/\/ancuhome.net\/index.php\/wp-json\/wp\/v2\/comments?post=6007"}],"wp:featuredmedia":[{"embeddable":true,"href":"https:\/\/ancuhome.net\/index.php\/wp-json\/wp\/v2\/media\/6010"}],"wp:attachment":[{"href":"https:\/\/ancuhome.net\/index.php\/wp-json\/wp\/v2\/media?parent=6007"}],"wp:term":[{"taxonomy":"product_brand","embeddable":true,"href":"https:\/\/ancuhome.net\/index.php\/wp-json\/wp\/v2\/product_brand?post=6007"},{"taxonomy":"product_cat","embeddable":true,"href":"https:\/\/ancuhome.net\/index.php\/wp-json\/wp\/v2\/product_cat?post=6007"},{"taxonomy":"product_tag","embeddable":true,"href":"https:\/\/ancuhome.net\/index.php\/wp-json\/wp\/v2\/product_tag?post=6007"}],"curies":[{"name":"wp","href":"https:\/\/api.w.org\/{rel}","templated":true}]}}