{"id":5871,"date":"2025-06-07T13:31:20","date_gmt":"2025-06-07T06:31:20","guid":{"rendered":"https:\/\/ancuhome.net\/?post_type=product&#038;p=5871"},"modified":"2025-06-21T22:20:48","modified_gmt":"2025-06-21T15:20:48","slug":"coi-may","status":"publish","type":"product","link":"https:\/\/ancuhome.net\/index.php\/product\/coi-may\/","title":{"rendered":"C\u01a1i M\u00e2y"},"content":{"rendered":"<p><strong>C\u01a1i M\u00e2y<\/strong><\/p>\n<p>K\u00edch th\u01b0\u1edbc: D23 x H12 cm<\/p>\n<p>M\u00e0u s\u1eafc: T\u1ef1 nhi\u00ean<\/p>\n<p>Xu\u1ea5t x\u1ee9: L\u00e0ng ngh\u1ec1 m\u00e2y tre \u0111an Ph\u00fa Vinh<\/p>\n<p>S\u1ea3n ph\u1ea9m th\u1ee7 c\u00f4ng \u0111\u01b0\u1ee3c ch\u1ebf t\u00e1c tinh x\u1ea3o, t\u1ec9 m\u1ec9 v\u1edbi ch\u1ea5t li\u1ec7u an to\u00e0n v\u00e0 th\u00e2n thi\u1ec7n v\u1edbi m\u00f4i tr\u01b0\u1eddng; c\u00f3 t\u00ecnh b\u1ec1n \u0111\u1eb9p, ch\u1eafc ch\u1eafn, \u0111\u1ed9 th\u00f4ng tho\u00e1ng cao ph\u00f9 h\u1ee3p d\u00f9ng \u0111\u1ef1ng c\u00e1c lo\u1ea1i rau, qu\u1ea3, h\u1ea1t, \u0111\u1ed3 kh\u00f4,&#8230;<\/p>\n<p>&nbsp;<\/p>\n","protected":false},"excerpt":{"rendered":"<p>C\u01a1i M\u00e2y K\u00edch th\u01b0\u1edbc: D23 x H12 cm M\u00e0u s\u1eafc: T\u1ef1 nhi\u00ean Xu\u1ea5t x\u1ee9: L\u00e0ng ngh\u1ec1 m\u00e2y tre \u0111an Ph\u00fa Vinh S\u1ea3n ph\u1ea9m th\u1ee7 c\u00f4ng \u0111\u01b0\u1ee3c ch\u1ebf t\u00e1c tinh x\u1ea3o, t\u1ec9 m\u1ec9 v\u1edbi ch\u1ea5t li\u1ec7u an to\u00e0n v\u00e0 th\u00e2n thi\u1ec7n v\u1edbi m\u00f4i tr\u01b0\u1eddng; c\u00f3 t\u00ecnh b\u1ec1n \u0111\u1eb9p, ch\u1eafc ch\u1eafn, \u0111\u1ed9 th\u00f4ng tho\u00e1ng cao ph\u00f9 h\u1ee3p [&hellip;]<\/p>\n","protected":false},"featured_media":5874,"comment_status":"open","ping_status":"closed","template":"","meta":{"content-type":""},"product_brand":[26],"product_cat":[36],"product_tag":[66],"class_list":{"0":"post-5871","1":"product","2":"type-product","3":"status-publish","4":"has-post-thumbnail","6":"product_brand-phuc-vinh","7":"product_cat-textiles","8":"product_tag-do-may","10":"first","11":"instock","12":"shipping-taxable","13":"purchasable","14":"product-type-simple"},"jetpack_sharing_enabled":true,"_links":{"self":[{"href":"https:\/\/ancuhome.net\/index.php\/wp-json\/wp\/v2\/product\/5871","targetHints":{"allow":["GET"]}}],"collection":[{"href":"https:\/\/ancuhome.net\/index.php\/wp-json\/wp\/v2\/product"}],"about":[{"href":"https:\/\/ancuhome.net\/index.php\/wp-json\/wp\/v2\/types\/product"}],"replies":[{"embeddable":true,"href":"https:\/\/ancuhome.net\/index.php\/wp-json\/wp\/v2\/comments?post=5871"}],"wp:featuredmedia":[{"embeddable":true,"href":"https:\/\/ancuhome.net\/index.php\/wp-json\/wp\/v2\/media\/5874"}],"wp:attachment":[{"href":"https:\/\/ancuhome.net\/index.php\/wp-json\/wp\/v2\/media?parent=5871"}],"wp:term":[{"taxonomy":"product_brand","embeddable":true,"href":"https:\/\/ancuhome.net\/index.php\/wp-json\/wp\/v2\/product_brand?post=5871"},{"taxonomy":"product_cat","embeddable":true,"href":"https:\/\/ancuhome.net\/index.php\/wp-json\/wp\/v2\/product_cat?post=5871"},{"taxonomy":"product_tag","embeddable":true,"href":"https:\/\/ancuhome.net\/index.php\/wp-json\/wp\/v2\/product_tag?post=5871"}],"curies":[{"name":"wp","href":"https:\/\/api.w.org\/{rel}","templated":true}]}}